{"id":113,"date":"2023-01-19T15:27:39","date_gmt":"2023-01-19T14:27:39","guid":{"rendered":"http:\/\/www.intuitivsein.com\/?page_id=113"},"modified":"2026-03-26T20:12:26","modified_gmt":"2026-03-26T19:12:26","slug":"outdooraktivitaeten","status":"publish","type":"page","link":"https:\/\/www.intuitivsein.com\/?page_id=113","title":{"rendered":"Seminare"},"content":{"rendered":"\n<div style=\"height:52px\" aria-hidden=\"true\" class=\"wp-block-spacer\"><\/div>\n\n\n<div class=\"wp-block-image is-style-rounded\">\n<figure class=\"aligncenter size-large is-resized\"><img loading=\"lazy\" decoding=\"async\" width=\"1024\" height=\"1012\" src=\"https:\/\/www.intuitivsein.com\/wp-content\/uploads\/2024\/02\/Screenshot_20231107_102728_com.instagram.android_edit_135936519281861-1024x1012.jpg\" alt=\"\" class=\"wp-image-2645\" style=\"aspect-ratio:1;object-fit:cover;width:500px\" srcset=\"https:\/\/www.intuitivsein.com\/wp-content\/uploads\/2024\/02\/Screenshot_20231107_102728_com.instagram.android_edit_135936519281861-1024x1012.jpg 1024w, https:\/\/www.intuitivsein.com\/wp-content\/uploads\/2024\/02\/Screenshot_20231107_102728_com.instagram.android_edit_135936519281861-300x296.jpg 300w, https:\/\/www.intuitivsein.com\/wp-content\/uploads\/2024\/02\/Screenshot_20231107_102728_com.instagram.android_edit_135936519281861-768x759.jpg 768w, https:\/\/www.intuitivsein.com\/wp-content\/uploads\/2024\/02\/Screenshot_20231107_102728_com.instagram.android_edit_135936519281861-75x75.jpg 75w, https:\/\/www.intuitivsein.com\/wp-content\/uploads\/2024\/02\/Screenshot_20231107_102728_com.instagram.android_edit_135936519281861.jpg 1080w\" sizes=\"auto, (max-width: 1024px) 100vw, 1024px\" \/><\/figure>\n<\/div>\n\n\n<div style=\"height:49px\" aria-hidden=\"true\" class=\"wp-block-spacer\"><\/div>\n\n\n\n<p><\/p>\n\n\n\n<p>Mit Begeisterung, Dankbarkeit und Freude teile ich meine Erfahrungen und Erkenntnisse mit meinen Klienten. Sich mit sich selbst auseinanderzusetzen, sich auszuprobieren, zu definieren und zu akzeptieren, sind Wege zur eigenen Identit\u00e4t. Mit offenen Augen durchs Leben zu gehen, neugierig zu bleiben und zu lernen, ist spannend und st\u00e4rkt unser Grundvertrauen. <\/p>\n\n\n\n<p><\/p>\n\n\n\n<p>Meine Spiritualit\u00e4t zu leben, bedeutet f\u00fcr mich, meine geistigen F\u00e4higkeiten voll auszusch\u00f6pfen und st\u00e4ndig weiter zu entwickeln. <\/p>\n\n\n\n<p><\/p>\n\n\n\n<div style=\"height:23px\" aria-hidden=\"true\" class=\"wp-block-spacer\"><\/div>\n\n\n\n<blockquote class=\"wp-block-quote is-layout-flow wp-block-quote-is-layout-flow\">\n<p>Jenseits von richtig oder falsch gibt es einen Ort. Hier k\u00f6nnen wir einander begegnen.<\/p>\n<cite>Rumi<\/cite><\/blockquote>\n\n\n\n<p><\/p>\n\n\n\n<div style=\"height:52px\" aria-hidden=\"true\" class=\"wp-block-spacer\"><\/div>\n\n\n\n<p><\/p>\n\n\n<div class=\"wp-block-image\">\n<figure class=\"aligncenter size-full is-resized\"><img loading=\"lazy\" decoding=\"async\" width=\"512\" height=\"512\" src=\"http:\/\/www.intuitivsein.com\/wp-content\/uploads\/2024\/04\/image.png\" alt=\"\" class=\"wp-image-3068\" style=\"object-fit:cover;width:50px;height:50px\" srcset=\"https:\/\/www.intuitivsein.com\/wp-content\/uploads\/2024\/04\/image.png 512w, https:\/\/www.intuitivsein.com\/wp-content\/uploads\/2024\/04\/image-300x300.png 300w, https:\/\/www.intuitivsein.com\/wp-content\/uploads\/2024\/04\/image-150x150.png 150w, https:\/\/www.intuitivsein.com\/wp-content\/uploads\/2024\/04\/image-75x75.png 75w\" sizes=\"auto, (max-width: 512px) 100vw, 512px\" \/><\/figure>\n<\/div>\n\n\n<div style=\"height:51px\" aria-hidden=\"true\" class=\"wp-block-spacer\"><\/div>\n\n\n\n<p class=\"has-text-align-center\"><strong>Seminar: <\/strong><a href=\"https:\/\/www.intuitivsein.com\/?page_id=5394\" data-type=\"page\" data-id=\"5394\"><strong>Medialiti\u00e4t und Intuition<\/strong><\/a><\/p>\n\n\n\n<p class=\"has-text-align-center\"><strong>Seminar: <\/strong><a href=\"https:\/\/www.intuitivsein.com\/?page_id=5400\" data-type=\"page\" data-id=\"5400\"><strong>Jenseitskontakt mit der Ahnenreihe<\/strong><\/a><\/p>\n\n\n\n<p class=\"has-text-align-center\"><strong>Seminar: <\/strong><a href=\"https:\/\/www.intuitivsein.com\/?page_id=5403\" data-type=\"page\" data-id=\"5403\"><strong>Spirituelle R\u00fcckf\u00fchrung<\/strong><\/a><\/p>\n\n\n\n<p class=\"has-text-align-center\"><strong>Seminar: <a href=\"https:\/\/www.intuitivsein.com\/?page_id=4115\">Wege aus der Angst<\/a><\/strong><\/p>\n\n\n\n<div style=\"height:21px\" aria-hidden=\"true\" class=\"wp-block-spacer\"><\/div>\n\n\n\n<p><\/p>\n\n\n\n<p><\/p>\n","protected":false},"excerpt":{"rendered":"<p>Mit Begeisterung, Dankbarkeit und Freude teile ich meine Erfahrungen und Erkenntnisse mit meinen Klienten. Sich mit sich selbst auseinanderzusetzen, sich auszuprobieren, zu definieren und zu akzeptieren, sind Wege zur eigenen Identit\u00e4t. Mit offenen Augen durchs Leben zu gehen, neugierig zu bleiben und zu lernen, ist spannend und st\u00e4rkt unser Grundvertrauen. Meine Spiritualit\u00e4t zu leben, bedeutet f\u00fcr mich, meine geistigen F\u00e4higkeiten voll auszusch\u00f6pfen und st\u00e4ndig weiter zu entwickeln. Jenseits von richtig oder falsch gibt es einen Ort. Hier k\u00f6nnen wir einander begegnen. Rumi Seminar: Medialiti\u00e4t und Intuition Seminar: Jenseitskontakt mit der Ahnenreihe Seminar: Spirituelle R\u00fcckf\u00fchrung Seminar: Wege aus der Angst<\/p>\n","protected":false},"author":1,"featured_media":0,"parent":0,"menu_order":0,"comment_status":"closed","ping_status":"closed","template":"","meta":{"_mc_calendar":[],"footnotes":""},"class_list":["post-113","page","type-page","status-publish","hentry"],"_links":{"self":[{"href":"https:\/\/www.intuitivsein.com\/index.php?rest_route=\/wp\/v2\/pages\/113","targetHints":{"allow":["GET"]}}],"collection":[{"href":"https:\/\/www.intuitivsein.com\/index.php?rest_route=\/wp\/v2\/pages"}],"about":[{"href":"https:\/\/www.intuitivsein.com\/index.php?rest_route=\/wp\/v2\/types\/page"}],"author":[{"embeddable":true,"href":"https:\/\/www.intuitivsein.com\/index.php?rest_route=\/wp\/v2\/users\/1"}],"replies":[{"embeddable":true,"href":"https:\/\/www.intuitivsein.com\/index.php?rest_route=%2Fwp%2Fv2%2Fcomments&post=113"}],"version-history":[{"count":246,"href":"https:\/\/www.intuitivsein.com\/index.php?rest_route=\/wp\/v2\/pages\/113\/revisions"}],"predecessor-version":[{"id":5496,"href":"https:\/\/www.intuitivsein.com\/index.php?rest_route=\/wp\/v2\/pages\/113\/revisions\/5496"}],"wp:attachment":[{"href":"https:\/\/www.intuitivsein.com\/index.php?rest_route=%2Fwp%2Fv2%2Fmedia&parent=113"}],"curies":[{"name":"wp","href":"https:\/\/api.w.org\/{rel}","templated":true}]}}