{"id":1520,"date":"2023-03-03T11:46:53","date_gmt":"2023-03-03T10:46:53","guid":{"rendered":"http:\/\/www.intuitivsein.com\/?page_id=1520"},"modified":"2026-04-28T20:10:31","modified_gmt":"2026-04-28T18:10:31","slug":"genusswandern-am-almuferweg","status":"publish","type":"page","link":"https:\/\/www.intuitivsein.com\/?page_id=1520","title":{"rendered":"Genusswandern am Almuferweg"},"content":{"rendered":"\n<h4 class=\"wp-block-heading\">&nbsp;<\/h4>\n\n\n\n<figure class=\"wp-block-gallery has-nested-images columns-4 is-cropped wp-block-gallery-1 is-layout-flex wp-block-gallery-is-layout-flex\">\n<figure class=\"wp-block-image size-full\"><img loading=\"lazy\" decoding=\"async\" width=\"900\" height=\"900\" data-id=\"4843\" src=\"http:\/\/www.intuitivsein.com\/wp-content\/uploads\/2025\/10\/IMG-20250511-WA0082-edited.jpg\" alt=\"\" class=\"wp-image-4843\" srcset=\"https:\/\/www.intuitivsein.com\/wp-content\/uploads\/2025\/10\/IMG-20250511-WA0082-edited.jpg 900w, https:\/\/www.intuitivsein.com\/wp-content\/uploads\/2025\/10\/IMG-20250511-WA0082-edited-300x300.jpg 300w, https:\/\/www.intuitivsein.com\/wp-content\/uploads\/2025\/10\/IMG-20250511-WA0082-edited-150x150.jpg 150w, https:\/\/www.intuitivsein.com\/wp-content\/uploads\/2025\/10\/IMG-20250511-WA0082-edited-768x768.jpg 768w, https:\/\/www.intuitivsein.com\/wp-content\/uploads\/2025\/10\/IMG-20250511-WA0082-edited-75x75.jpg 75w\" sizes=\"auto, (max-width: 900px) 100vw, 900px\" \/><\/figure>\n\n\n\n<figure class=\"wp-block-image size-large\"><img loading=\"lazy\" decoding=\"async\" width=\"1024\" height=\"1024\" data-id=\"4166\" src=\"http:\/\/www.intuitivsein.com\/wp-content\/uploads\/2025\/05\/IMG-20240922-WA0037-1-edited-1024x1024.jpg\" alt=\"\" class=\"wp-image-4166\" srcset=\"https:\/\/www.intuitivsein.com\/wp-content\/uploads\/2025\/05\/IMG-20240922-WA0037-1-edited-1024x1024.jpg 1024w, https:\/\/www.intuitivsein.com\/wp-content\/uploads\/2025\/05\/IMG-20240922-WA0037-1-edited-300x300.jpg 300w, https:\/\/www.intuitivsein.com\/wp-content\/uploads\/2025\/05\/IMG-20240922-WA0037-1-edited-150x150.jpg 150w, https:\/\/www.intuitivsein.com\/wp-content\/uploads\/2025\/05\/IMG-20240922-WA0037-1-edited-768x768.jpg 768w, https:\/\/www.intuitivsein.com\/wp-content\/uploads\/2025\/05\/IMG-20240922-WA0037-1-edited-1140x1140.jpg 1140w, https:\/\/www.intuitivsein.com\/wp-content\/uploads\/2025\/05\/IMG-20240922-WA0037-1-edited-75x75.jpg 75w, https:\/\/www.intuitivsein.com\/wp-content\/uploads\/2025\/05\/IMG-20240922-WA0037-1-edited.jpg 1536w\" sizes=\"auto, (max-width: 1024px) 100vw, 1024px\" \/><\/figure>\n\n\n\n<figure class=\"wp-block-image size-large\"><img loading=\"lazy\" decoding=\"async\" width=\"2560\" height=\"2560\" data-id=\"4596\" src=\"https:\/\/www.intuitivsein.com\/wp-content\/uploads\/2025\/08\/IMG_20250511_114215-edited-scaled.jpg\" alt=\"\" class=\"wp-image-4596\" srcset=\"https:\/\/www.intuitivsein.com\/wp-content\/uploads\/2025\/08\/IMG_20250511_114215-edited-scaled.jpg 2560w, https:\/\/www.intuitivsein.com\/wp-content\/uploads\/2025\/08\/IMG_20250511_114215-edited-300x300.jpg 300w, https:\/\/www.intuitivsein.com\/wp-content\/uploads\/2025\/08\/IMG_20250511_114215-edited-1024x1024.jpg 1024w, https:\/\/www.intuitivsein.com\/wp-content\/uploads\/2025\/08\/IMG_20250511_114215-edited-150x150.jpg 150w, https:\/\/www.intuitivsein.com\/wp-content\/uploads\/2025\/08\/IMG_20250511_114215-edited-768x768.jpg 768w, https:\/\/www.intuitivsein.com\/wp-content\/uploads\/2025\/08\/IMG_20250511_114215-edited-1536x1536.jpg 1536w, https:\/\/www.intuitivsein.com\/wp-content\/uploads\/2025\/08\/IMG_20250511_114215-edited-2048x2048.jpg 2048w, https:\/\/www.intuitivsein.com\/wp-content\/uploads\/2025\/08\/IMG_20250511_114215-edited-1140x1140.jpg 1140w, https:\/\/www.intuitivsein.com\/wp-content\/uploads\/2025\/08\/IMG_20250511_114215-edited-75x75.jpg 75w\" sizes=\"auto, (max-width: 2560px) 100vw, 2560px\" \/><\/figure>\n\n\n\n<figure class=\"wp-block-image size-large is-style-default\"><img loading=\"lazy\" decoding=\"async\" width=\"1024\" height=\"1024\" data-id=\"4594\" src=\"http:\/\/www.intuitivsein.com\/wp-content\/uploads\/2025\/08\/IMG-20250510-WA0087-edited-1024x1024.jpg\" alt=\"\" class=\"wp-image-4594\" srcset=\"https:\/\/www.intuitivsein.com\/wp-content\/uploads\/2025\/08\/IMG-20250510-WA0087-edited-1024x1024.jpg 1024w, https:\/\/www.intuitivsein.com\/wp-content\/uploads\/2025\/08\/IMG-20250510-WA0087-edited-300x300.jpg 300w, https:\/\/www.intuitivsein.com\/wp-content\/uploads\/2025\/08\/IMG-20250510-WA0087-edited-150x150.jpg 150w, https:\/\/www.intuitivsein.com\/wp-content\/uploads\/2025\/08\/IMG-20250510-WA0087-edited-768x768.jpg 768w, https:\/\/www.intuitivsein.com\/wp-content\/uploads\/2025\/08\/IMG-20250510-WA0087-edited-1140x1140.jpg 1140w, https:\/\/www.intuitivsein.com\/wp-content\/uploads\/2025\/08\/IMG-20250510-WA0087-edited-75x75.jpg 75w, https:\/\/www.intuitivsein.com\/wp-content\/uploads\/2025\/08\/IMG-20250510-WA0087-edited.jpg 1200w\" sizes=\"auto, (max-width: 1024px) 100vw, 1024px\" \/><\/figure>\n<\/figure>\n\n\n\n<div style=\"height:103px\" aria-hidden=\"true\" class=\"wp-block-spacer\"><\/div>\n\n\n\n<h4 class=\"wp-block-heading has-text-color\" style=\"color:#257575\"><strong>Gef\u00fchrte Tour f\u00fcr Frauen mit Mehrwert<\/strong><\/h4>\n\n\n\n<div style=\"height:15px\" aria-hidden=\"true\" class=\"wp-block-spacer\"><\/div>\n\n\n\n<p><\/p>\n\n\n\n<p>Mit &#8222;Genuss am Almfluss&#8220;, ist der 52 km lange Almuferweg, vom Almspitz zum malerischen Almsee im Salzkammergut, O\u00d6, beschildert. Ein Wanderweg im Almtal entlang der Alm, wo wir in die \u00f6kologisch wertvolle und inspirierende Natur eintauchen. <\/p>\n\n\n\n<p>Wir werden ab Vorchdorf gegen die Flussrichtung auf das Gebirge zu wandern. Die beeindruckende Kulisse der n\u00f6rdlichen Kalkalpen an deren Fu\u00df der idyllisch von W\u00e4ldern eingebettete Almsee liegt, ist unser Ziel und Highlight am dritten Tag.<\/p>\n\n\n\n<p><strong>Diese Tour eignet sich auch f\u00fcr Frauen mit m\u00e4\u00dfiger Fitness<\/strong>, da&nbsp; sowohl die geringen H\u00f6henmeter als auch die Streckenf\u00fchrung entlang des erfrischenden Flusses und der schattenspenden W\u00e4lder ideal daf\u00fcr ist. Unser Fokus liegt auf  Entschleunigung und Auftanken.<\/p>\n\n\n\n<p class=\"has-text-color has-link-color wp-elements-8511f1e5f5217ee1d3a873fbdff14f01\" style=\"color:#257575\"><p class=\"has-text-color has-link-color\" style=\"color:#257575\"><strong> <\/strong><\/p><\/p>\n\n\n\n<div style=\"height:23px\" aria-hidden=\"true\" class=\"wp-block-spacer\"><\/div>\n\n\n\n<h4 class=\"wp-block-heading has-text-color has-link-color wp-elements-bc28367fa3f8d41dbb36623fa850e5ae\" style=\"color:#257575\"><strong>Unser Angebot:<\/strong><\/h4>\n\n\n\n<p class=\"has-text-color has-link-color wp-elements-c2de694a67c2f27d1539af1ea9e53cda\" style=\"color:#257575\"><\/p>\n\n\n\n<ul class=\"wp-block-list\">\n<li>2 N\u00e4chte im Comfort-DZ zur Einzelnutzung im <strong>Laudach Inn<\/strong><\/li>\n\n\n\n<li>reichhaltiges Fr\u00fchst\u00fccksbuffet<\/li>\n\n\n\n<li>Lunchpaket an Tag 2 und 3<\/li>\n\n\n\n<li>Kaffee und selbstgemachter Kuchen ganzt\u00e4gig kostenfrei <\/li>\n\n\n\n<li>tgl. flexibles Shuttleservice nach unseren Bed\u00fcrfnissen<\/li>\n\n\n\n<li>Willkommensgeschenk von uns<\/li>\n\n\n\n<li>Betreuung durch 2 Trainerinnen<\/li>\n\n\n\n<li>tgl. 30 min sanftes Yoga zum Dehnen<\/li>\n\n\n\n<li>tgl. Impulse, \u00dcbungen und Reflexion zur Selbstf\u00fcrsorge im Alltag<\/li>\n\n\n\n<li>Kleine Gruppe mit 5-8 Teilnehmerinnen<\/li>\n\n\n\n<li>ausgedehnte Recherche, Organisation und Begleitung der Tour<\/li>\n<\/ul>\n\n\n\n<p><strong><mark style=\"background-color:rgba(0, 0, 0, 0);color:#257575\" class=\"has-inline-color\">Kostenpauschale: Euro 655,00<\/mark><\/strong> &#8211;<\/p>\n\n\n\n<p><strong>bei Doppelbelegung Euro 605,00<\/strong> pro Person (Betten k\u00f6nnen getrennt gestellt werden)<\/p>\n\n\n\n<p><\/p>\n\n\n\n<p>Auf Wunsch zus\u00e4tzliche Nacht von 28.-29. Mai: Kosten Euro 115,00 bzw. 90,00 + 2,50 Tourismusabgabe<\/p>\n\n\n\n<p><strong>NEU!!<\/strong>&nbsp;<strong>Du kannst dieses Angebot f\u00fcr 1, 2 oder 3 Tage buchen, mit oder ohne N\u00e4chtigung. Melde dich gerne bei Interesse, damit wir dein individuelles Package f\u00fcr Dich zusammenstellen und budgetieren.<\/strong><\/p>\n\n\n\n<p><strong>Kosten f\u00fcr 1 Tag ohne N\u00e4chtigung: 145 Euro<\/strong><\/p>\n\n\n\n<p><strong>Anmeldeschluss: 2. Mai 2026<\/strong><\/p>\n\n\n\n<div style=\"height:21px\" aria-hidden=\"true\" class=\"wp-block-spacer\"><\/div>\n\n\n\n<h4 class=\"wp-block-heading has-text-color\" style=\"color:#257575\"><strong>Programm\/Ablauf:<\/strong><\/h4>\n\n\n\n<p><font _mstmutation=\"1\" _msttexthash=\"507637\" _msthash=\"318\">Treffpunkt um 9:30 <\/font><font _mstmutation=\"1\" _msttexthash=\"9600747\" _msthash=\"319\">Uhr in der Unterkunft: Laudach Inn, 4655 Vorchdorf, M\u00fchlenstra\u00dfe 26. Kennenlernen, allgemeine Infos und kurze Besprechung der Tour.<\/font><br><font _mstmutation=\"1\" _msttexthash=\"9344855\" _msthash=\"320\">Um ca. 10:00 Uhr brechen wir auf zur ersten Etappe. Die t\u00e4glichen Etappen liegen bei ca. 14 &#8211; 18 km.<\/font><br><font _mstmutation=\"1\" _msttexthash=\"30352647\" _msthash=\"321\">Mit einem gemeinsamen Abendessen lassen wir Tag 1 und 2 gem\u00fctlich ausklingen. Am 3. Tag beenden wir unsere gemeinsame Reise gegen 14:00.<\/font><\/p>\n\n\n\n<ul class=\"wp-block-list\">\n<li>Schwierigkeitsgrad: leicht *<\/li>\n\n\n\n<li>Entsprechende Kleidung und Ausr\u00fcstung, feste Schuhe, Rucksack, Regenponcho, Trinkflasche, ev. Walkingst\u00f6cke, Blasenpflaster, Sonnenschutz, Sonnenbrille, Kopfbedeckung, Sitzunterlage, etc. sind mitzubringen.<\/li>\n<\/ul>\n\n\n\n<div style=\"height:11px\" aria-hidden=\"true\" class=\"wp-block-spacer\"><\/div>\n\n\n\n<p>Als deine Begleitung haben wir die Wege ausreichend recherchiert, uns viele Gedanken \u00fcber Etappenziele und Ablauf der Tour gemacht. Gerne stehen wir dir mit Rat und Tat zur Seite und unterst\u00fctzen dich so gut wir k\u00f6nnen, damit die Tour ein sch\u00f6nes Erlebnis mit nachhaltiger Wirkung f\u00fcr dich wird.<\/p>\n\n\n\n<p class=\"has-text-color has-link-color wp-elements-0219b74f31817c8836672c34ee96be4f\" style=\"color:#257575\"><strong>Wir freuen uns auf gemeinsame inspirierende Tage!<\/strong><\/p>\n\n\n\n<p class=\"has-text-color has-link-color wp-elements-b48c302dad35dee3b7afb3ff55d803fd\" style=\"color:#257575\"><strong>Daniela und Dagmar<\/strong><\/p>\n\n\n\n<div style=\"height:20px\" aria-hidden=\"true\" class=\"wp-block-spacer\"><\/div>\n\n\n<div class=\"wp-block-image is-resized\">\n<figure class=\"aligncenter size-medium\"><img loading=\"lazy\" decoding=\"async\" width=\"300\" height=\"300\" src=\"http:\/\/www.intuitivsein.com\/wp-content\/uploads\/2023\/01\/image-1-300x300.png\" alt=\"\" class=\"wp-image-1125\" style=\"object-fit:cover;width:50px;height:50px\" srcset=\"https:\/\/www.intuitivsein.com\/wp-content\/uploads\/2023\/01\/image-1-300x300.png 300w, https:\/\/www.intuitivsein.com\/wp-content\/uploads\/2023\/01\/image-1-150x150.png 150w, https:\/\/www.intuitivsein.com\/wp-content\/uploads\/2023\/01\/image-1-75x75.png 75w, https:\/\/www.intuitivsein.com\/wp-content\/uploads\/2023\/01\/image-1.png 512w\" sizes=\"auto, (max-width: 300px) 100vw, 300px\" \/><\/figure>\n<\/div>\n\n\n<div style=\"height:100px\" aria-hidden=\"true\" class=\"wp-block-spacer\"><\/div>\n\n\n\n<p><\/p>\n","protected":false},"excerpt":{"rendered":"<p>&nbsp; Gef\u00fchrte Tour f\u00fcr Frauen mit Mehrwert Mit &#8222;Genuss am Almfluss&#8220;, ist der 52 km lange Almuferweg, vom Almspitz zum malerischen Almsee im Salzkammergut, O\u00d6, beschildert. Ein Wanderweg im Almtal entlang der Alm, wo wir in die \u00f6kologisch wertvolle und inspirierende Natur eintauchen. Wir werden ab Vorchdorf gegen die Flussrichtung auf das Gebirge zu wandern. Die beeindruckende Kulisse der n\u00f6rdlichen Kalkalpen an deren Fu\u00df der idyllisch von W\u00e4ldern eingebettete Almsee liegt, ist unser Ziel und Highlight am dritten Tag. Diese Tour eignet sich auch f\u00fcr Frauen mit m\u00e4\u00dfiger Fitness, da&nbsp; sowohl die geringen H\u00f6henmeter als auch die Streckenf\u00fchrung entlang des erfrischenden Flusses und der schattenspenden W\u00e4lder ideal daf\u00fcr ist. Unser Fokus liegt auf Entschleunigung und Auftanken. Unser Angebot: Kostenpauschale: Euro 655,00 &#8211; bei Doppelbelegung Euro 605,00 pro Person (Betten k\u00f6nnen getrennt gestellt werden) Auf Wunsch zus\u00e4tzliche Nacht von 28.-29. Mai: Kosten Euro 115,00 bzw. 90,00 + 2,50 Tourismusabgabe NEU!!&nbsp;Du kannst dieses Angebot f\u00fcr 1, 2 oder 3 Tage buchen, mit oder ohne N\u00e4chtigung. Melde dich gerne bei Interesse, damit wir dein individuelles Package f\u00fcr Dich zusammenstellen und budgetieren. Kosten f\u00fcr 1 Tag ohne N\u00e4chtigung: 145 Euro Anmeldeschluss: 2. Mai 2026 Programm\/Ablauf: Treffpunkt um 9:30 Uhr in der Unterkunft: Laudach Inn, 4655 Vorchdorf, M\u00fchlenstra\u00dfe 26. Kennenlernen, allgemeine Infos und kurze Besprechung der Tour.Um ca. 10:00 Uhr brechen wir auf zur ersten Etappe. Die t\u00e4glichen Etappen liegen bei ca. 14 &#8211; 18 km.Mit einem gemeinsamen Abendessen lassen wir Tag 1 und 2 gem\u00fctlich ausklingen. Am 3. Tag beenden wir unsere gemeinsame Reise gegen 14:00. Als deine Begleitung haben wir die Wege ausreichend recherchiert, uns viele Gedanken \u00fcber Etappenziele und Ablauf der Tour gemacht. Gerne stehen wir dir mit Rat und Tat zur Seite und unterst\u00fctzen dich so gut wir k\u00f6nnen, damit die Tour ein sch\u00f6nes Erlebnis mit nachhaltiger Wirkung f\u00fcr dich wird. Wir freuen uns auf gemeinsame inspirierende Tage! Daniela und Dagmar<\/p>\n","protected":false},"author":1,"featured_media":0,"parent":0,"menu_order":0,"comment_status":"closed","ping_status":"closed","template":"","meta":{"_mc_calendar":[],"footnotes":""},"class_list":["post-1520","page","type-page","status-publish","hentry"],"_links":{"self":[{"href":"https:\/\/www.intuitivsein.com\/index.php?rest_route=\/wp\/v2\/pages\/1520","targetHints":{"allow":["GET"]}}],"collection":[{"href":"https:\/\/www.intuitivsein.com\/index.php?rest_route=\/wp\/v2\/pages"}],"about":[{"href":"https:\/\/www.intuitivsein.com\/index.php?rest_route=\/wp\/v2\/types\/page"}],"author":[{"embeddable":true,"href":"https:\/\/www.intuitivsein.com\/index.php?rest_route=\/wp\/v2\/users\/1"}],"replies":[{"embeddable":true,"href":"https:\/\/www.intuitivsein.com\/index.php?rest_route=%2Fwp%2Fv2%2Fcomments&post=1520"}],"version-history":[{"count":85,"href":"https:\/\/www.intuitivsein.com\/index.php?rest_route=\/wp\/v2\/pages\/1520\/revisions"}],"predecessor-version":[{"id":5564,"href":"https:\/\/www.intuitivsein.com\/index.php?rest_route=\/wp\/v2\/pages\/1520\/revisions\/5564"}],"wp:attachment":[{"href":"https:\/\/www.intuitivsein.com\/index.php?rest_route=%2Fwp%2Fv2%2Fmedia&parent=1520"}],"curies":[{"name":"wp","href":"https:\/\/api.w.org\/{rel}","templated":true}]}}