{"id":33,"date":"2023-01-18T16:01:18","date_gmt":"2023-01-18T15:01:18","guid":{"rendered":"http:\/\/www.intuitivsein.com\/?page_id=33"},"modified":"2026-01-04T15:47:50","modified_gmt":"2026-01-04T14:47:50","slug":"ueber-mich","status":"publish","type":"page","link":"https:\/\/www.intuitivsein.com\/?page_id=33","title":{"rendered":"\u00dcber mich"},"content":{"rendered":"\n<p class=\"has-text-align-left\"><\/p>\n\n\n<div class=\"wp-block-image is-style-rounded\">\n<figure class=\"aligncenter size-full is-resized\"><img loading=\"lazy\" decoding=\"async\" width=\"441\" height=\"441\" src=\"http:\/\/www.intuitivsein.com\/wp-content\/uploads\/2025\/01\/Screenshot_20241111_113023_com.dropbox.android_edit_290212004523424-edited-1.jpg\" alt=\"\" class=\"wp-image-3830\" style=\"aspect-ratio:1;object-fit:cover;width:500px\" srcset=\"https:\/\/www.intuitivsein.com\/wp-content\/uploads\/2025\/01\/Screenshot_20241111_113023_com.dropbox.android_edit_290212004523424-edited-1.jpg 441w, https:\/\/www.intuitivsein.com\/wp-content\/uploads\/2025\/01\/Screenshot_20241111_113023_com.dropbox.android_edit_290212004523424-edited-1-300x300.jpg 300w, https:\/\/www.intuitivsein.com\/wp-content\/uploads\/2025\/01\/Screenshot_20241111_113023_com.dropbox.android_edit_290212004523424-edited-1-150x150.jpg 150w, https:\/\/www.intuitivsein.com\/wp-content\/uploads\/2025\/01\/Screenshot_20241111_113023_com.dropbox.android_edit_290212004523424-edited-1-75x75.jpg 75w\" sizes=\"auto, (max-width: 441px) 100vw, 441px\" \/><\/figure>\n<\/div>\n\n\n<div style=\"height:23px\" aria-hidden=\"true\" class=\"wp-block-spacer\"><\/div>\n\n\n\n<h4 class=\"wp-block-heading has-text-color\" style=\"color:#b48607\">Mein Lebensweg<\/h4>\n\n\n\n<p class=\"has-text-align-left\">1965 wurde ich in Gmunden als \u00c4lteste von 4 Kindern geboren. <\/p>\n\n\n\n<p class=\"has-text-align-left\">1985 Diplom f\u00fcr Gesundheits- und Krankenpflege. Danach folgten 20 Jahre T\u00e4tigkeit im Pflegeberuf in unterschiedlichen Bereichen.<\/p>\n\n\n\n<p class=\"has-text-align-left\">1996 &#8211; 2005 war ich in der Mobilen Hauskrankenpflege im M\u00fchlviertel besch\u00e4ftigt. Diese Zeit pr\u00e4gte mich sehr. F\u00fcr viele meiner Patientinnen und Patienten war ich die einzige Ansprechperson und oftmals gefordert, die richtigen Entscheidungen zu treffen. Meine Liebe zu den Menschen hat mich motiviert und geleitet, sie zu unterst\u00fctzen, zu begleiten, sie zu tr\u00f6sten und auch gehen zu lassen. Die regelm\u00e4\u00dfige Konfrontation mit Tod, Trauer und Leid stellten eine gro\u00dfe Herausforderung f\u00fcr mich dar. In diesen belastenden Situationen war ich oft hilflos und manchmal auch verzweifelt, weil ich nicht wusste, wie ich mit diesen Ereignissen umgehen sollte. <\/p>\n\n\n\n<p>So lernte ich, mich auf meine Intuition zu verlassen und ihr zu folgen. Ich vertraute auf meine innere Kraft und es gelang mir sie mehr und mehr in meinen Alltag zu integrieren. In diese Zeit wurde mir bewusst, dass der kranke Mensch in seiner Ganzheitlichkeit gesehen und behandelt werden m\u00f6chte. &#8222;Seelenheil&#8220; ist die Voraussetzung f\u00fcr k\u00f6rperliche Genesung. <\/p>\n\n\n\n<p>Ich entschied mich meinem Herzen zu folgen und neue Wege einzuschlagen.<\/p>\n\n\n\n<p>2009 Diplom zur Prana Vita Therapeutin<\/p>\n\n\n\n<p>2011 Diplom zur Mental-, Intuitions- und Bewusstseinstrainerin<\/p>\n\n\n\n<p>2012 wagte ich den Sprung in die Selbstst\u00e4ndigkeit und gr\u00fcndete mein Unternehmen &#8222;IntuitivSein&#8220;<\/p>\n\n\n\n<p>2014 Diplom zur Cranio Sacralen K\u00f6rperarbeit mit ontologischer Kinesiologie<\/p>\n\n\n\n<p>2010 &#8211; 2016 Ausbildung und Selbsterfahrung: Spirituelle R\u00fcckf\u00fchrungen u.a. bei Stephen Poplin und Ursula Demarmels<\/p>\n\n\n\n<p>2018 &#8211; 2019 Achtsamkeitstraining nach MSC<\/p>\n\n\n\n<p>2019  Mein Outdoor-Konzept &#8222;Die Magie des Gehens&#8220; entstand.<\/p>\n\n\n\n<p>2022 &#8211; 2024: Ausbildung zum Medium f\u00fcr Jenseitskontakte bei Irene Gira-Marl<\/p>\n\n\n\n<p>seit 2024 als Medium f\u00fcr Jenseitskontakte im Team von Irene Gira Marl<\/p>\n\n\n\n<p>2025 Mein Lehrgang &#8222;Cranio Sacrale K\u00f6rperarbeit mit medialer Begleitung&#8220; entstand<\/p>\n\n\n\n<p><\/p>\n\n\n\n<div style=\"height:19px\" aria-hidden=\"true\" class=\"wp-block-spacer\"><\/div>\n\n\n\n<h4 class=\"wp-block-heading has-text-color\" style=\"color:#b48607\">Meine Philosophie<\/h4>\n\n\n\n<p class=\"has-text-align-left\">Seit meiner Kindheit wollte ich den Dingen auf den Grund gehen und Zusammenh\u00e4nge in all ihrer Komplexit\u00e4t begreifen. In der Auseinandersetzung mit meiner eigenen Geschichte, entdeckte ich eine innere Stimme, die Verbindung zu meiner Seele, die mich auf meinen ganz pers\u00f6nlichen Weg f\u00fchrte. Wir sind als Seele in diesem K\u00f6rper auf die Erde gekommen, um Lektionen zu lernen, Fehler zu machen und daraus Erkenntnisse zu gewinnen. An diesen Aufgaben w\u00e4chst, reift und entwickelt sich die Pers\u00f6nlichkeit des Menschen.<\/p>\n\n\n\n<p class=\"has-text-align-left\">Mit Begeisterung, Dankbarkeit und Freude teile ich meine Erfahrungen und Erkenntnisse mit meinen Klienten. Spiritualit\u00e4t im Alltag zu leben, bedeutet f\u00fcr mich, meine geistigen F\u00e4higkeiten voll auszusch\u00f6pfen und st\u00e4ndig weiter zu entwickeln. Meine eigenen Talente als solche anzuerkennen, bereitete mir lange Zeit Schwierigkeiten. Heute wei\u00df ich, dass ich mit einer medialen Begabung und einer au\u00dfergew\u00f6hnlichen Wahrnehmungsf\u00e4higkeit gesegnet bin. Meine innere Kraft und Verbundenheit helfen mir andere in ihrer Ganzheitlichkeit wahrzunehmen und vielschichtige Problematiken zu erkennen. Ich sehe darin einen gro\u00dfen Vorteil in der Begleitung meiner Klienten.<\/p>\n\n\n\n<p>Ich versuche den Menschen mit Liebe, Herzlichkeit und Offenheit zu begegnen.<\/p>\n\n\n\n<div style=\"height:22px\" aria-hidden=\"true\" class=\"wp-block-spacer\"><\/div>\n\n\n\n<blockquote class=\"wp-block-quote is-layout-flow wp-block-quote-is-layout-flow\">\n<p>Jenseits von richtig oder falsch gibt es einen Ort. Hier k\u00f6nnen wir einander begegnen.<\/p>\n<cite>Rumi<\/cite><\/blockquote>\n\n\n\n<div style=\"height:20px\" aria-hidden=\"true\" class=\"wp-block-spacer\"><\/div>\n","protected":false},"excerpt":{"rendered":"<p>Mein Lebensweg 1965 wurde ich in Gmunden als \u00c4lteste von 4 Kindern geboren. 1985 Diplom f\u00fcr Gesundheits- und Krankenpflege. Danach folgten 20 Jahre T\u00e4tigkeit im Pflegeberuf in unterschiedlichen Bereichen. 1996 &#8211; 2005 war ich in der Mobilen Hauskrankenpflege im M\u00fchlviertel besch\u00e4ftigt. Diese Zeit pr\u00e4gte mich sehr. F\u00fcr viele meiner Patientinnen und Patienten war ich die einzige Ansprechperson und oftmals gefordert, die richtigen Entscheidungen zu treffen. Meine Liebe zu den Menschen hat mich motiviert und geleitet, sie zu unterst\u00fctzen, zu begleiten, sie zu tr\u00f6sten und auch gehen zu lassen. Die regelm\u00e4\u00dfige Konfrontation mit Tod, Trauer und Leid stellten eine gro\u00dfe Herausforderung f\u00fcr mich dar. In diesen belastenden Situationen war ich oft hilflos und manchmal auch verzweifelt, weil ich nicht wusste, wie ich mit diesen Ereignissen umgehen sollte. So lernte ich, mich auf meine Intuition zu verlassen und ihr zu folgen. Ich vertraute auf meine innere Kraft und es gelang mir sie mehr und mehr in meinen Alltag zu integrieren. In diese Zeit wurde mir bewusst, dass der kranke Mensch in seiner Ganzheitlichkeit gesehen und behandelt werden m\u00f6chte. &#8222;Seelenheil&#8220; ist die Voraussetzung f\u00fcr k\u00f6rperliche Genesung. Ich entschied mich meinem Herzen zu folgen und neue Wege einzuschlagen. 2009 Diplom zur Prana Vita Therapeutin 2011 Diplom zur Mental-, Intuitions- und Bewusstseinstrainerin 2012 wagte ich den Sprung in die Selbstst\u00e4ndigkeit und gr\u00fcndete mein Unternehmen &#8222;IntuitivSein&#8220; 2014 Diplom zur Cranio Sacralen K\u00f6rperarbeit mit ontologischer Kinesiologie 2010 &#8211; 2016 Ausbildung und Selbsterfahrung: Spirituelle R\u00fcckf\u00fchrungen u.a. bei Stephen Poplin und Ursula Demarmels 2018 &#8211; 2019 Achtsamkeitstraining nach MSC 2019 Mein Outdoor-Konzept &#8222;Die Magie des Gehens&#8220; entstand. 2022 &#8211; 2024: Ausbildung zum Medium f\u00fcr Jenseitskontakte bei Irene Gira-Marl seit 2024 als Medium f\u00fcr Jenseitskontakte im Team von Irene Gira Marl 2025 Mein Lehrgang &#8222;Cranio Sacrale K\u00f6rperarbeit mit medialer Begleitung&#8220; entstand Meine Philosophie Seit meiner Kindheit wollte ich den Dingen auf den Grund gehen und Zusammenh\u00e4nge in all ihrer Komplexit\u00e4t begreifen. In der Auseinandersetzung mit meiner eigenen Geschichte, entdeckte ich eine innere Stimme, die Verbindung zu meiner Seele, die mich auf meinen ganz pers\u00f6nlichen Weg f\u00fchrte. Wir sind als Seele in diesem K\u00f6rper auf die Erde gekommen, um Lektionen zu lernen, Fehler zu machen und daraus Erkenntnisse zu gewinnen. An diesen Aufgaben w\u00e4chst, reift und entwickelt sich die Pers\u00f6nlichkeit des Menschen. Mit Begeisterung, Dankbarkeit und Freude teile ich meine Erfahrungen und Erkenntnisse mit meinen Klienten. Spiritualit\u00e4t im Alltag zu leben, bedeutet f\u00fcr mich, meine geistigen F\u00e4higkeiten voll auszusch\u00f6pfen und st\u00e4ndig weiter zu entwickeln. Meine eigenen Talente als solche anzuerkennen, bereitete mir lange Zeit Schwierigkeiten. Heute wei\u00df ich, dass ich mit einer medialen Begabung und einer au\u00dfergew\u00f6hnlichen Wahrnehmungsf\u00e4higkeit gesegnet bin. Meine innere Kraft und Verbundenheit helfen mir andere in ihrer Ganzheitlichkeit wahrzunehmen und vielschichtige Problematiken zu erkennen. Ich sehe darin einen gro\u00dfen Vorteil in der Begleitung meiner Klienten. Ich versuche den Menschen mit Liebe, Herzlichkeit und Offenheit zu begegnen. Jenseits von richtig oder falsch gibt es einen Ort. Hier k\u00f6nnen wir einander begegnen. Rumi<\/p>\n","protected":false},"author":1,"featured_media":0,"parent":0,"menu_order":0,"comment_status":"closed","ping_status":"closed","template":"","meta":{"_mc_calendar":[],"footnotes":""},"class_list":["post-33","page","type-page","status-publish","hentry"],"_links":{"self":[{"href":"https:\/\/www.intuitivsein.com\/index.php?rest_route=\/wp\/v2\/pages\/33","targetHints":{"allow":["GET"]}}],"collection":[{"href":"https:\/\/www.intuitivsein.com\/index.php?rest_route=\/wp\/v2\/pages"}],"about":[{"href":"https:\/\/www.intuitivsein.com\/index.php?rest_route=\/wp\/v2\/types\/page"}],"author":[{"embeddable":true,"href":"https:\/\/www.intuitivsein.com\/index.php?rest_route=\/wp\/v2\/users\/1"}],"replies":[{"embeddable":true,"href":"https:\/\/www.intuitivsein.com\/index.php?rest_route=%2Fwp%2Fv2%2Fcomments&post=33"}],"version-history":[{"count":51,"href":"https:\/\/www.intuitivsein.com\/index.php?rest_route=\/wp\/v2\/pages\/33\/revisions"}],"predecessor-version":[{"id":5147,"href":"https:\/\/www.intuitivsein.com\/index.php?rest_route=\/wp\/v2\/pages\/33\/revisions\/5147"}],"wp:attachment":[{"href":"https:\/\/www.intuitivsein.com\/index.php?rest_route=%2Fwp%2Fv2%2Fmedia&parent=33"}],"curies":[{"name":"wp","href":"https:\/\/api.w.org\/{rel}","templated":true}]}}