{"id":3603,"date":"2024-10-28T18:49:37","date_gmt":"2024-10-28T17:49:37","guid":{"rendered":"https:\/\/www.intuitivsein.com\/?page_id=3603"},"modified":"2026-04-27T13:44:48","modified_gmt":"2026-04-27T11:44:48","slug":"tour-der-sinne-im-waldviertler-hochland","status":"publish","type":"page","link":"https:\/\/www.intuitivsein.com\/?page_id=3603","title":{"rendered":"Mohnbl\u00fcten-Wanderung im Waldviertler Hochland"},"content":{"rendered":"\n<div style=\"height:49px\" aria-hidden=\"true\" class=\"wp-block-spacer\"><\/div>\n\n\n\n<figure class=\"wp-block-gallery has-nested-images columns-4 is-cropped wp-block-gallery-1 is-layout-flex wp-block-gallery-is-layout-flex\">\n<figure class=\"wp-block-image size-full\"><img loading=\"lazy\" decoding=\"async\" width=\"1920\" height=\"2560\" data-id=\"3044\" src=\"http:\/\/www.intuitivsein.com\/wp-content\/uploads\/2024\/03\/IMG_20230602_091518-scaled.jpg\" alt=\"\" class=\"wp-image-3044\" srcset=\"https:\/\/www.intuitivsein.com\/wp-content\/uploads\/2024\/03\/IMG_20230602_091518-scaled.jpg 1920w, https:\/\/www.intuitivsein.com\/wp-content\/uploads\/2024\/03\/IMG_20230602_091518-225x300.jpg 225w, https:\/\/www.intuitivsein.com\/wp-content\/uploads\/2024\/03\/IMG_20230602_091518-768x1024.jpg 768w, https:\/\/www.intuitivsein.com\/wp-content\/uploads\/2024\/03\/IMG_20230602_091518-1152x1536.jpg 1152w, https:\/\/www.intuitivsein.com\/wp-content\/uploads\/2024\/03\/IMG_20230602_091518-1536x2048.jpg 1536w, https:\/\/www.intuitivsein.com\/wp-content\/uploads\/2024\/03\/IMG_20230602_091518-1140x1520.jpg 1140w\" sizes=\"auto, (max-width: 1920px) 100vw, 1920px\" \/><\/figure>\n\n\n\n<figure class=\"wp-block-image size-large\"><img loading=\"lazy\" decoding=\"async\" width=\"1024\" height=\"1024\" data-id=\"3617\" src=\"http:\/\/www.intuitivsein.com\/wp-content\/uploads\/2024\/10\/IMG_20240705_114237-edited-1024x1024.jpg\" alt=\"\" class=\"wp-image-3617\" srcset=\"https:\/\/www.intuitivsein.com\/wp-content\/uploads\/2024\/10\/IMG_20240705_114237-edited-1024x1024.jpg 1024w, https:\/\/www.intuitivsein.com\/wp-content\/uploads\/2024\/10\/IMG_20240705_114237-edited-300x300.jpg 300w, https:\/\/www.intuitivsein.com\/wp-content\/uploads\/2024\/10\/IMG_20240705_114237-edited-150x150.jpg 150w, https:\/\/www.intuitivsein.com\/wp-content\/uploads\/2024\/10\/IMG_20240705_114237-edited-768x768.jpg 768w, https:\/\/www.intuitivsein.com\/wp-content\/uploads\/2024\/10\/IMG_20240705_114237-edited-1536x1536.jpg 1536w, https:\/\/www.intuitivsein.com\/wp-content\/uploads\/2024\/10\/IMG_20240705_114237-edited-2048x2048.jpg 2048w, https:\/\/www.intuitivsein.com\/wp-content\/uploads\/2024\/10\/IMG_20240705_114237-edited-1140x1140.jpg 1140w, https:\/\/www.intuitivsein.com\/wp-content\/uploads\/2024\/10\/IMG_20240705_114237-edited-75x75.jpg 75w\" sizes=\"auto, (max-width: 1024px) 100vw, 1024px\" \/><\/figure>\n\n\n\n<figure class=\"wp-block-image size-large\"><img loading=\"lazy\" decoding=\"async\" width=\"1024\" height=\"1024\" data-id=\"3631\" src=\"https:\/\/www.intuitivsein.com\/wp-content\/uploads\/2024\/10\/IMG_20240702_072712_360-edited-1-1024x1024.webp\" alt=\"\" class=\"wp-image-3631\" srcset=\"https:\/\/www.intuitivsein.com\/wp-content\/uploads\/2024\/10\/IMG_20240702_072712_360-edited-1-1024x1024.webp 1024w, https:\/\/www.intuitivsein.com\/wp-content\/uploads\/2024\/10\/IMG_20240702_072712_360-edited-1-300x300.webp 300w, https:\/\/www.intuitivsein.com\/wp-content\/uploads\/2024\/10\/IMG_20240702_072712_360-edited-1-150x150.webp 150w, https:\/\/www.intuitivsein.com\/wp-content\/uploads\/2024\/10\/IMG_20240702_072712_360-edited-1-768x768.webp 768w, https:\/\/www.intuitivsein.com\/wp-content\/uploads\/2024\/10\/IMG_20240702_072712_360-edited-1-75x75.webp 75w, https:\/\/www.intuitivsein.com\/wp-content\/uploads\/2024\/10\/IMG_20240702_072712_360-edited-1.webp 1080w\" sizes=\"auto, (max-width: 1024px) 100vw, 1024px\" \/><\/figure>\n\n\n\n<figure class=\"wp-block-image size-large\"><img loading=\"lazy\" decoding=\"async\" width=\"768\" height=\"1024\" data-id=\"4494\" src=\"http:\/\/www.intuitivsein.com\/wp-content\/uploads\/2025\/07\/IMG_20250706_113526-1-768x1024.jpg\" alt=\"\" class=\"wp-image-4494\" srcset=\"https:\/\/www.intuitivsein.com\/wp-content\/uploads\/2025\/07\/IMG_20250706_113526-1-768x1024.jpg 768w, https:\/\/www.intuitivsein.com\/wp-content\/uploads\/2025\/07\/IMG_20250706_113526-1-225x300.jpg 225w, https:\/\/www.intuitivsein.com\/wp-content\/uploads\/2025\/07\/IMG_20250706_113526-1-1152x1536.jpg 1152w, https:\/\/www.intuitivsein.com\/wp-content\/uploads\/2025\/07\/IMG_20250706_113526-1-1536x2048.jpg 1536w, https:\/\/www.intuitivsein.com\/wp-content\/uploads\/2025\/07\/IMG_20250706_113526-1-1140x1520.jpg 1140w, https:\/\/www.intuitivsein.com\/wp-content\/uploads\/2025\/07\/IMG_20250706_113526-1-scaled.jpg 1920w\" sizes=\"auto, (max-width: 768px) 100vw, 768px\" \/><\/figure>\n<\/figure>\n\n\n\n<div style=\"height:101px\" aria-hidden=\"true\" class=\"wp-block-spacer\"><\/div>\n\n\n\n<h4 class=\"wp-block-heading\"><mark style=\"background-color:rgba(0, 0, 0, 0);color:#257575\" class=\"has-inline-color\"><strong>Gef\u00fchrte Tour f\u00fcr Frauen mit Mehrwert<\/strong><\/mark><\/h4>\n\n\n\n<p><\/p>\n\n\n\n<p class=\"has-text-align-left\">Artenreiche W\u00e4lder mit unber\u00fchrten Flusslandschaften, kraftvolle Schluchten und Wasserf\u00e4lle oder skurrile Felsformationen: Das Waldviertler Hochland rund um die Stadt Zwettl in N\u00d6 begeistert mit atemberaubenden und teils jahrtausendealten Naturspektakeln. Zahlreiche Wanderwege verbinden diese einzigartigen Naturschaupl\u00e4tze, deren Urspr\u00fcnglichkeit bis heute bewahrt wird. <\/p>\n\n\n\n<p> Zur Zeit der Mohnbl\u00fcte bestaunen wir die Pracht der bl\u00fchenden Feldern und tauchen mit allen Sinnen ein in eine Welt nordischer Kraftpl\u00e4tze aus Wasser, Wald und Granit.<\/p>\n\n\n\n<p class=\"has-text-align-left\">Das Eins werden mit der Natur und der Umgebung erdet und lenkt unsere Aufmerksamkeit wieder auf das Wesentliche!\u00a0Impulse und Reflexion zur Selbstf\u00fcrsorge im Alltag verst\u00e4rken dies.<\/p>\n\n\n\n<p><strong>Diese Tour ist auch mit m\u00e4\u00dfiger Fitness gut zu bew\u00e4ltigen.<\/strong> Die Etappe liegt bei ca. 15 km mit geringen H\u00f6henmetern. Reine Gehzeit ca. 4-5 Stunden, mit ausreichend Pausen und einem gem\u00fctlichen Picknick um die Mittagszeit. <\/p>\n\n\n\n<p class=\"has-text-color has-link-color wp-elements-8511f1e5f5217ee1d3a873fbdff14f01\" style=\"color:#257575\"><p class=\"has-text-color has-link-color\" style=\"color:#257575\"><strong> <\/strong><\/p><\/p>\n\n\n\n<div style=\"height:21px\" aria-hidden=\"true\" class=\"wp-block-spacer\"><\/div>\n\n\n\n<h4 class=\"wp-block-heading has-text-color\" style=\"color:#257575\"><strong>Programm\/Ablauf:<\/strong><\/h4>\n\n\n\n<p><font _mstmutation=\"1\" _msttexthash=\"507637\" _msthash=\"318\">Treffpunkt um 9:00 Uhr: Parkplatz Hotel Schwarzalm, 3910 Zwettl, Almweg . Kennenlernen, allgemeine Infos und kurze Besprechung der Tour.<\/font> <\/p>\n\n\n\n<p>Du erh\u00e4ltst von uns ein Lunchpaket f\u00fcr den Tag. Bitte bringe dir ausreichend zu Trinken mit, da wir unterwegs keine M\u00f6glichkeit zum Einkehren haben.<br><\/p>\n\n\n\n<p>Entsprechende Kleidung und Ausr\u00fcstung, feste Schuhe, Rucksack, Regenponcho, ev. Walkingst\u00f6cke, Blasenpflaster, Sonnenschutz, Sonnenbrille, Kopfbedeckung, etc. sind ebenfalls mitzubringen.<\/p>\n\n\n\n<p>Auf Wunsch lassen wir die Tour im Gastgarten der Schwarzalm gem\u00fctlich ausklingen.<\/p>\n\n\n\n<p>Als deine Begleitung haben wir die Wege ausreichend recherchiert, uns viele Gedanken \u00fcber Etappenziele und Ablauf der Tour gemacht. Gerne stehen wir dir mit Rat und Tat zur Seite und unterst\u00fctzen dich so gut wir k\u00f6nnen, damit die Tour ein sch\u00f6nes Erlebnis mit nachhaltiger Wirkung f\u00fcr dich wird.<\/p>\n\n\n\n<p class=\"has-text-color has-link-color wp-elements-53eb095936668758b7ceb892b77689d2\" style=\"color:#257575\"><strong>Kostenpauschale: 145 Euro<\/strong>, inklusive Lunchpaket<\/p>\n\n\n\n<p><strong>Anmeldeschluss: 26. Juni 2026<\/strong><\/p>\n\n\n\n<p class=\"has-text-color has-link-color wp-elements-85b89e7d36f71421d32828bf4e5faf7f\" style=\"color:#257575\"><strong>Wir freuen uns auf einen gemeinsamen inspirierenden Tag!<\/strong><\/p>\n\n\n\n<p class=\"has-text-color has-link-color wp-elements-b48c302dad35dee3b7afb3ff55d803fd\" style=\"color:#257575\"><strong>Daniela und Dagmar<\/strong><\/p>\n\n\n\n<div style=\"height:50px\" aria-hidden=\"true\" class=\"wp-block-spacer\"><\/div>\n\n\n<div class=\"wp-block-image\">\n<figure class=\"aligncenter size-full is-resized\"><img loading=\"lazy\" decoding=\"async\" width=\"512\" height=\"512\" src=\"http:\/\/www.intuitivsein.com\/wp-content\/uploads\/2024\/04\/image.png\" alt=\"\" class=\"wp-image-3068\" style=\"aspect-ratio:1;object-fit:cover;width:50px\" srcset=\"https:\/\/www.intuitivsein.com\/wp-content\/uploads\/2024\/04\/image.png 512w, https:\/\/www.intuitivsein.com\/wp-content\/uploads\/2024\/04\/image-300x300.png 300w, https:\/\/www.intuitivsein.com\/wp-content\/uploads\/2024\/04\/image-150x150.png 150w, https:\/\/www.intuitivsein.com\/wp-content\/uploads\/2024\/04\/image-75x75.png 75w\" sizes=\"auto, (max-width: 512px) 100vw, 512px\" \/><\/figure>\n<\/div>","protected":false},"excerpt":{"rendered":"<p>Gef\u00fchrte Tour f\u00fcr Frauen mit Mehrwert Artenreiche W\u00e4lder mit unber\u00fchrten Flusslandschaften, kraftvolle Schluchten und Wasserf\u00e4lle oder skurrile Felsformationen: Das Waldviertler Hochland rund um die Stadt Zwettl in N\u00d6 begeistert mit atemberaubenden und teils jahrtausendealten Naturspektakeln. Zahlreiche Wanderwege verbinden diese einzigartigen Naturschaupl\u00e4tze, deren Urspr\u00fcnglichkeit bis heute bewahrt wird. Zur Zeit der Mohnbl\u00fcte bestaunen wir die Pracht der bl\u00fchenden Feldern und tauchen mit allen Sinnen ein in eine Welt nordischer Kraftpl\u00e4tze aus Wasser, Wald und Granit. Das Eins werden mit der Natur und der Umgebung erdet und lenkt unsere Aufmerksamkeit wieder auf das Wesentliche!\u00a0Impulse und Reflexion zur Selbstf\u00fcrsorge im Alltag verst\u00e4rken dies. Diese Tour ist auch mit m\u00e4\u00dfiger Fitness gut zu bew\u00e4ltigen. Die Etappe liegt bei ca. 15 km mit geringen H\u00f6henmetern. Reine Gehzeit ca. 4-5 Stunden, mit ausreichend Pausen und einem gem\u00fctlichen Picknick um die Mittagszeit. Programm\/Ablauf: Treffpunkt um 9:00 Uhr: Parkplatz Hotel Schwarzalm, 3910 Zwettl, Almweg . Kennenlernen, allgemeine Infos und kurze Besprechung der Tour. Du erh\u00e4ltst von uns ein Lunchpaket f\u00fcr den Tag. Bitte bringe dir ausreichend zu Trinken mit, da wir unterwegs keine M\u00f6glichkeit zum Einkehren haben. Entsprechende Kleidung und Ausr\u00fcstung, feste Schuhe, Rucksack, Regenponcho, ev. Walkingst\u00f6cke, Blasenpflaster, Sonnenschutz, Sonnenbrille, Kopfbedeckung, etc. sind ebenfalls mitzubringen. Auf Wunsch lassen wir die Tour im Gastgarten der Schwarzalm gem\u00fctlich ausklingen. Als deine Begleitung haben wir die Wege ausreichend recherchiert, uns viele Gedanken \u00fcber Etappenziele und Ablauf der Tour gemacht. Gerne stehen wir dir mit Rat und Tat zur Seite und unterst\u00fctzen dich so gut wir k\u00f6nnen, damit die Tour ein sch\u00f6nes Erlebnis mit nachhaltiger Wirkung f\u00fcr dich wird. Kostenpauschale: 145 Euro, inklusive Lunchpaket Anmeldeschluss: 26. Juni 2026 Wir freuen uns auf einen gemeinsamen inspirierenden Tag! Daniela und Dagmar<\/p>\n","protected":false},"author":1,"featured_media":0,"parent":0,"menu_order":0,"comment_status":"closed","ping_status":"closed","template":"","meta":{"_mc_calendar":[],"footnotes":""},"class_list":["post-3603","page","type-page","status-publish","hentry"],"_links":{"self":[{"href":"https:\/\/www.intuitivsein.com\/index.php?rest_route=\/wp\/v2\/pages\/3603","targetHints":{"allow":["GET"]}}],"collection":[{"href":"https:\/\/www.intuitivsein.com\/index.php?rest_route=\/wp\/v2\/pages"}],"about":[{"href":"https:\/\/www.intuitivsein.com\/index.php?rest_route=\/wp\/v2\/types\/page"}],"author":[{"embeddable":true,"href":"https:\/\/www.intuitivsein.com\/index.php?rest_route=\/wp\/v2\/users\/1"}],"replies":[{"embeddable":true,"href":"https:\/\/www.intuitivsein.com\/index.php?rest_route=%2Fwp%2Fv2%2Fcomments&post=3603"}],"version-history":[{"count":60,"href":"https:\/\/www.intuitivsein.com\/index.php?rest_route=\/wp\/v2\/pages\/3603\/revisions"}],"predecessor-version":[{"id":5568,"href":"https:\/\/www.intuitivsein.com\/index.php?rest_route=\/wp\/v2\/pages\/3603\/revisions\/5568"}],"wp:attachment":[{"href":"https:\/\/www.intuitivsein.com\/index.php?rest_route=%2Fwp%2Fv2%2Fmedia&parent=3603"}],"curies":[{"name":"wp","href":"https:\/\/api.w.org\/{rel}","templated":true}]}}